{"id":77,"date":"2015-07-25T20:19:10","date_gmt":"2015-07-25T18:19:10","guid":{"rendered":"http:\/\/smart-r.at\/?page_id=77"},"modified":"2015-08-09T17:48:27","modified_gmt":"2015-08-09T15:48:27","slug":"lingo-network","status":"publish","type":"page","link":"http:\/\/smart-r.at\/?page_id=77","title":{"rendered":"<!--:de-->Lingo-network<!--:--><!--:en-->Lingo-network<!--:--><!--:zh-->\u53e6\u56fd \u8bed\u8a00\u7f51<!--:-->"},"content":{"rendered":"<p><!--:de--><\/p>\n<div class=\"alignright\"><a href=\"https:\/\/lingo-network.com\" target=\"_blank\">[slideshow_deploy id=&#8217;241&#8242;]<\/a><\/div>\n<p>Lingo-network ist eine Internet Plattform, die ich von Hand programmiert habe um das Vokabellernen mit chinesischen Schriftzeichen zu erleichtern.<br \/>\nSie basiert auf einer MySQL Datenbank und einem Web Interface, das \u00fcber eine SSL verschl\u00fcsselte Verbindung zu erreichen ist.<br \/>\n\u00dcber das Web Interface k\u00f6nnen so genannte Lernkarten angelegt werden. Lernkarten sind mehrere Vokabeln, die inhaltlich in Zusammenhang stehen und so eine Gruppe bilden. Das ist sehr praktisch, da im Chinesischen oft ein ganz bestimmtes Verb zu einem Nomen benutzt wird.<br \/>\nOft bilden auch Vokabeln mit gegenteiligen Bedeutungen eine Gruppe (Liebe, Hass).<br \/>\nEs gibt mehrere Benutzerklassen im Webinterface mit unterschiedlichen Funktionen und Rechten.<br \/>\nDer normale Nutzer kann die Datenbank als Nachschlagewerk benutzen und mit Hilfe der Suchfunktion nach der deutschen \u00dcbersetzung, der Aussprache, den chinesischen Zeichen oder sogar nach den Radikalen suchen aus denen die Zeichen gebildet werden.<br \/>\nEr kann sich aus den Lernkarten individuell eine Diashow generieren und er kann sich auch eigene Lernkarten anlegen, auf die nur er Zugriff hat.<br \/>\nDer Administrator kann ebenfalls neue Lernkarten anlegen, die dann in einer nicht \u00f6ffentlichen Datenbank zwischengespeichert werden, bis ein Benutzer mit einem Lehrer-Account die Richtigkeit best\u00e4tigt, oder \u00c4nderungsvorschl\u00e4ge gemacht hat.<br \/>\nErst dann wird eine neue Lernkarte in die \u00f6ffentliche Datenbank aufgenommen.<\/p>\n<p>Das Projekt befindet sich noch in der Testphase.<br \/>\nGeplant ist, es den Mitgliedern auch zu erm\u00f6glichen Kontakte aufzubauen und Lernkarten auszutauschen.<!--:--><!--:en--><\/p>\n<div class=\"alignright\"><a href=\"https:\/\/lingo-network.com\" target=\"_blank\">[slideshow_deploy id=&#8217;241&#8242;]<\/a><\/div>\n<p>Lingo-network is an internet platform that I programmed to make it easier to learn Chinese Characters.<br \/>\nIt is based on a MySQL database and a web frontend that can be accessed via SSL encrypted connection.<br \/>\nUsing the web interface it is possible to create so called learning-cards. A learning-card is a group of Chinese vocabularies that are somehow related to each other. This can be very helpful, because often Chinese nouns use special verbs with it. Or the groups contain words with opposite meanings (like love and hate).<br \/>\nThere are different accounts with different functions and permissions.<br \/>\nThe usual user may use the database as a reference book like a dictionary. He can use the search fuction to search for the German translation, the Chinese pronunciation, the Chinese writing or even the radicals that build the Chinese character.<br \/>\nHe can use the learning-cards to create his personal slide show and he can create his personal learning-cards.<br \/>\nThe administrator may also create new learning-cards. They will be stored in a non public database until a user with a teacher account grants they are correct or posts a suggested change.<br \/>\nOnly then they will be added to the public database.<\/p>\n<p>The project is still in it&#8217;s testing period.<br \/>\nIt is planned to enable seeking contacts and exchange learning-cards for the user accounts.<!--:--><!--:zh--><\/p>\n<div class=\"alignright\"><a href=\"https:\/\/lingo-network.com\" target=\"_blank\">[slideshow_deploy id=&#8217;241&#8242;]<\/a><\/div>\n<p>\u53e6\u56fd \u8bed\u8a00\u7f51\u662f\u6211\u81ea\u5df1\u7f16\u5199\u4ee3\u7801\u7684\u6c49\u5b57\u5b66\u4e60\u7f51\u7ad9\u3002<br \/>\n\u672c\u7f51\u7ad9\u7528MySQL\u6570\u636e\u5e93\u548c\u7f51\u7edc\u754c\u9762\u3002\u7f51\u7edc\u754c\u9762\u7528SSL\u3002<br \/>\n\u5728\u8fd9\u91cc\uff0c\u4f60\u53ef\u4ee5\u4f7f\u7528\u5b66\u4e60\u5361\u7247\u6765\u5e2e\u52a9\u4f60\u5b66\u4e60\u4e2d\u6587\u3002\u5b66\u4e60\u5361\u7247\u628a\u610f\u601d\u6709\u5173\u8054\u7684\u8bcd\u7ec4\u5408\u8d77\u6765\uff0c\u65b9\u4fbf\u7406\u89e3\u548c\u8bb0\u5fc6\u3002\u6bd4\u5982\u52a8\u8bcd\u548c\u76f8\u5173\u7684\u540d\u8bcd\uff0c\u8fd1\u4e49\u8bcd\u548c\u53cd\u4e49\u8bcd\u3002<br \/>\n\u672c\u7f51\u7ad9\u63d0\u4f9b\u4e0d\u540c\u6743\u9650\u7ea7\u522b\u7684\u5e10\u6237\u3002\u666e\u901a\u5e10\u6237\u8fd8\u53ef\u4ee5\u521b\u5efa\u81ea\u5df1\u7684\u5b66\u4e60\u5361\u7247\u3002<br \/>\n\u53ef\u4ee5\u67e5\u627e\u6c49\u5b57\uff0c\u62fc\u97f3\uff0c\u504f\u65c1\u6216\u8005\u5fb7\u6587\u7684\u7ffb\u8bd1\u3002<br \/>\n\u7ba1\u7406\u5458\u5e10\u6237\u521b\u5efa\u7684\u5b66\u4e60\u5361\u7247\u5c06\u88ab\u5b58\u5728\u53e6\u4e00\u4e2a\u6570\u636e\u5e93\uff0c\u5f85\u8001\u5e08\u5e10\u6237\u8ba4\u53ef\u540e\u624d\u80fd\u53d1\u5e03\u5728\u516c\u5171\u6570\u636e\u5e93\u4e2d\u4f9b\u6240\u6709\u7528\u6237\u4f7f\u7528\u3002<\/p>\n<p>\u672c\u7f51\u9875\u8fd8\u5728\u6d4b\u8bd5\u4e2d\u3002<br \/>\n\u6d4b\u8bd5\u5b8c\u6210\u540e\uff0c\u7528\u6237\u4e4b\u95f4\u53ef\u4ee5\u4e92\u76f8\u8054\u7cfb\u548c\u5206\u4eab\u81ea\u5df1\u505a\u7684\u5b66\u4e60\u5361\u7247\u3002<!--:--><\/p>\n","protected":false},"excerpt":{"rendered":"<p>[slideshow_deploy id=&#8217;241&#8242;] Lingo-network ist eine Internet Plattform, die ich von Hand programmiert habe um das Vokabellernen mit chinesischen Schriftzeichen zu erleichtern. Sie basiert auf einer MySQL Datenbank und einem Web Interface, das \u00fcber eine SSL verschl\u00fcsselte Verbindung zu erreichen ist. \u00dcber das Web Interface k\u00f6nnen so genannte Lernkarten angelegt werden. Lernkarten sind mehrere Vokabeln, die [&hellip;]<\/p>\n","protected":false},"author":1,"featured_media":0,"parent":0,"menu_order":0,"comment_status":"closed","ping_status":"open","template":"","meta":{"footnotes":""},"class_list":["post-77","page","type-page","status-publish","hentry"],"_links":{"self":[{"href":"http:\/\/smart-r.at\/index.php?rest_route=\/wp\/v2\/pages\/77","targetHints":{"allow":["GET"]}}],"collection":[{"href":"http:\/\/smart-r.at\/index.php?rest_route=\/wp\/v2\/pages"}],"about":[{"href":"http:\/\/smart-r.at\/index.php?rest_route=\/wp\/v2\/types\/page"}],"author":[{"embeddable":true,"href":"http:\/\/smart-r.at\/index.php?rest_route=\/wp\/v2\/users\/1"}],"replies":[{"embeddable":true,"href":"http:\/\/smart-r.at\/index.php?rest_route=%2Fwp%2Fv2%2Fcomments&post=77"}],"version-history":[{"count":40,"href":"http:\/\/smart-r.at\/index.php?rest_route=\/wp\/v2\/pages\/77\/revisions"}],"predecessor-version":[{"id":320,"href":"http:\/\/smart-r.at\/index.php?rest_route=\/wp\/v2\/pages\/77\/revisions\/320"}],"wp:attachment":[{"href":"http:\/\/smart-r.at\/index.php?rest_route=%2Fwp%2Fv2%2Fmedia&parent=77"}],"curies":[{"name":"wp","href":"https:\/\/api.w.org\/{rel}","templated":true}]}}